ivisor of 15617 and 38897.
97
Calculate the highest common factor of 100 and 81250.
50
What is the highest common factor of 39273 and 1482?
741
What is the greatest common factor of 2956850 and 975?
325
Calculate the highest common divisor of 1464 and 10344.
24
What is the highest common factor of 18510 and 615?
15
Calculate the highest common factor of 22 and 259358.
22
What is the highest common divisor of 7 and 664657?
7
What is the highest common divisor of 573150 and 300?
150
What is the greatest common factor of 1254 and 48444?
66
Calculate the highest common factor of 217622 and 68182.
934
Calculate the highest common divisor of 610 and 13430.
10
Calculate the highest common factor of 50257 and 29.
29
Calculate the greatest common divisor of 1273 and 1608.
67
Calculate the highest common factor of 1704 and 259292.
284
Calculate the highest common factor of 192 and 1140.
12
What is the highest common divisor of 84557 and 319?
11
Calculate the greatest common factor of 7002 and 2916.
18
What is the greatest common divisor of 582 and 58394?
194
Calculate the greatest common divisor of 14304 and 108.
12
What is the highest common divisor of 364203 and 1890?
189
Calculate the greatest common factor of 92368 and 69.
23
Calculate the greatest common factor of 1316 and 58891.
329
What is the highest common divisor of 135565 and 25?
5
What is the highest common divisor of 288396 and 384?
12
What is the greatest common factor of 72 and 215232?
24
What is the highest common factor of 336 and 68320?
112
Calculate the greatest common divisor of 3582 and 1023258.
1194
What is the highest common factor of 42 and 8932?
14
Calculate the highest common factor of 101724 and 1372.
196
What is the greatest common divisor of 52341 and 365?
73
What is the highest common divisor of 103230 and 1674?
558
What is the highest common divisor of 1647 and 198189?
549
What is the highest common divisor of 470 and 710?
10
Calculate the greatest common factor of 38144 and 1328.
16
Calculate the highest common factor of 11424 and 21.
21
Calculate the greatest common factor of 1287 and 45837.
99
Calculate the highest common factor of 9200 and 4784.
368
What is the highest common divisor of 1606248 and 504?
504
What is the greatest common factor of 100 and 83236?
4
What is the highest common factor of 292316 and 32?
4
What is the highest common factor of 28 and 68390?
14
Calculate the highest common divisor of 24457 and 111.
37
Calculate the greatest common factor of 172161 and 141.
141
What is the greatest common factor of 36768 and 208?
16
What is the highest common factor of 102 and 623322?
102
What is the highest common factor of 124972 and 2198?
314
What is the greatest common divisor of 672 and 980112?
336
What is the highest common divisor of 70 and 2429?
7
What is the greatest common factor of 287 and 1435?
287
Calculate the highest common divisor of 1700 and 2150.
50
What is the highest common divisor of 156723 and 30291?
1317
Calculate the greatest common divisor of 30 and 366090.
30
What is the greatest common factor of 12055 and 10?
5
What is the highest common factor of 8832 and 127236?
276
Calculate the greatest common factor of 186 and 522350.
62
What is the greatest common factor of 4939920 and 216?
216
Calculate the greatest common factor of 97 and 93799.
97
What is the highest common divisor of 384 and 5064?
24
What is the greatest common factor of 1010 and 236542?
202
Calculate the highest common divisor of 125679 and 1.
1
What is the highest common divisor of 3995 and 1445?
85
Calculate the greatest common divisor of 1007 and 15688.
53
What is the greatest common divisor of 4865 and 595?
35
Calculate the greatest common factor of 2809 and 11660.
53
What is the highest common factor of 2794244 and 752?
188
What is the highest common factor of 2997 and 7452?
81
What is the greatest common factor of 1661 and 25972?
151
Calculate the highest common divisor of 7072 and 2873.
221
Calculate the greatest common factor of 510549 and 12597.
741
Calculate the greatest common factor of 1330 and 153710.
190
Calculate the greatest common factor of 10604 and 132.
44
What is the highest common factor of 128 and 152512?
64
Calculate the greatest common divisor of 695232 and 5440.
1088
What is the highest common divisor of 256 and 175976?
8
Calculate the highest common factor of 693 and 11341.
11
What is the greatest common factor of 1216 and 13034?
38
What is the greatest common factor of 24 and 14592?
24
Calculate the greatest common divisor of 19860 and 24540.
60
What is the highest common divisor of 51 and 25687?
17
Calculate the greatest common divisor of 21775 and 75.
25
Calculate the greatest common factor of 18 and 67707.
9
What is the highest common divisor of 4334 and 693?
11
What is the greatest common factor of 27404 and 1508?
52
Calculate the greatest common divisor of 334 and 945053.
167
Calculate the greatest common factor of 6 and 15921.
3
Calculate the greatest common factor of 6463080 and 390.
390
Calculate the highest common divisor of 1566 and 191400.
174
Calculate the greatest common factor of 2890 and 390.
10
Calculate the highest common divisor of 6437 and 1413.
157
Calculate the highest common factor of 63 and 640073.
7
What is the greatest common divisor of 3799 and 1703?
131
What is the highest common factor of 175007 and 322?
161
Calculate the highest common divisor of 13750 and 88.
22
What is the highest common divisor of 837 and 6789?
93
What is the highest common divisor of 2001 and 237568?
29
What is the highest common divisor of 1212 and 41612?
404
What is the greatest common factor of 61375 and 1?
1
What is the highest common divisor of 96075 and 7245?
315
What is the greatest common divisor of 96 and 2868?
12
Calculate the highest common divisor of 97497 and 54.
27
What is the greatest common factor of 3648 and 1610?
2
What is the highest common factor of 253456 and 8?
8
What is the greatest common factor of 1633050 and 75?
75
Calculate the highest common factor of 668 and 268.
4
What is the greatest common divisor of 208 and 7319?
13
What is the highest common factor of 1863 and 3186?
27
Calculate the highest common factor of 12590 and 70.
10
Calculate the greatest common divisor of 184 and 72956.
92
What is the highest common divisor of 29271 and 33?
33
Calculate the highest common factor of 744 and 232.
8
Calculate the highest common divisor of 363 and 384175.
121
Calculate the greatest common factor of 166 and 14258.
2
Calculate the greatest common divisor of 264073 and 12736.
199
What is the highest common factor of 7897 and 583?
53
Calculate the greatest common factor of 416454 and 837.
93
What is the highest common factor of 4 and 67052?
4
Calculate the greatest common factor of 2325589 and 434.
217
Calculate the highest common factor of 3997 and 1211.
7
What is the greatest common divisor of 13090210 and 20?
10
What is the greatest common divisor of 357 and 7089?
51
Calculate the greatest common factor of 6 and 21738.
6
Calculate the greatest common divisor of 335237 and 14525.
581
What is the highest common divisor of 33464 and 37736?
712
What is the highest common factor of 603 and 84219?
201
What is the highest common factor of 690 and 19665?
345
What is the highest common divisor of 143260 and 11136?
116
Calculate the greatest common factor of 609723 and 333.
333
Calculate the greatest common factor of 12121 and 449903.
713
What is the greatest common factor of 16 and 960312?
8
What is the greatest common factor of 2945 and 13205?
95
Calculate the greatest common divisor of 441638 and 10538.
958
Calculate the highest common divisor of 4344 and 20184.
24
What is the greatest common factor of 400887 and 9?
9
What is the highest common divisor of 14350 and 201720?
410
What is the greatest common divisor of 62 and 837682?
62
Calculate the highest common divisor of 36 and 2655522.
18
Calculate the highest common divisor of 6847 and 41.
41
What is the highest common factor of 3 and 138614?
1
What is the greatest common factor of 1034573 and 367?
367
Calculate the highest common factor of 6 and 9155778.
6
What is the highest common factor of 51046 and 10?
2
What is the greatest common factor of 143536 and 128?
16
Calculate the 